h**2 - 9*h. Let q be l(0). Determine s(q).
6
Suppose 9*d = 5*d. Let y(v) = v + 6*v + d*v - 8*v - 4. What is y(-3)?
-1
Let g(d) = d + 10*d**2 - 306 - 4*d**2 + 152 + 155 + d**3. Give g(-5).
21
Suppose 2*q = -5*l - 58, -q + 0*q = 4*l + 44. Let p = l - -12. Let m(i) = -3 + 18*i**2 + 1 - 64*i**2 + 19*i**2 + 23*i**2 + 3*i. Calculate m(p).
-12
Let v(a) = -3*a**2 + 8*a - 3. Let t be 5/(-1) - (-80)/20. Let z(u) = -u**2 + u + 1. Let h(c) = t*v(c) + z(c). Calculate h(6).
34
Let v(k) = -7*k**2 + 9*k - 35. Let o(p) = -5*p**2 + 9*p - 25. Let g(i) = -3*o(i) + 2*v(i). Give g(8).
-3
Let n(q) = -q**3 - 24*q**2 - 21*q + 42. Let r(v) = v**3 + 146*v**2 + 565*v - 449. Let j be r(-142). Give n(j).
-4
Let o(k) = -15*k - 56. Let t be (3 - 13/7)/(26/(-91)). Determine o(t).
4
Let k(l) be the second derivative of -l**5/10 - 5*l**4/4 + 49*l**3/6 - 7*l**2/2 - 318*l - 1. What is k(-10)?
3
Let h(w) = -52*w - 35. Let b be h(-1). Let q(x) = 5*x - 6 + 9*x**2 + x + x**3 + 3*x - b*x**2. Give q(6).
-24
Let x = -630 - -901. Let w be (-8)/18*-16 - x/2439. Let t(f) = -f**3 + 8*f**2 - 4*f + 7. What is t(w)?
28
Let q(x) be the second derivative of -4*x**4/3 + 21*x**3/2 - 3*x**2/2 + 6*x - 123. Calculate q(4).
-7
Let z(w) = -w**2 - 5*w - 6. Let g(m) = 3*m - 4. Let i(n) = n**2 - 3*n. Let u = -43 - -43. Let b be i(u). Let d be g(b). Calculate z(d).
-2
Let p(y) be the third derivative of y**5/60 + 5*y**4/8 + 28*y**3/3 + 4*y**2 + 3*y - 15. Calculate p(-5).
6
Suppose 5*p = -10*f + 12*f + 21, 0 = -f - 5*p + 27. Let t(x) = -2*x + 56 - 49 + 6*x - x**f. Give t(6).
-5
Suppose -11*u = -7*u + 3*b - 21, -2*b = 3*u - 16. Let n(r) = 8*r - 35. Calculate n(u).
13
Let b = -331 + 333. Let t(r) = -r - 2055*r**b + 1026*r**2 + 1030*r**2. Calculate t(6).
30
Let p(w) be the first derivative of w**6/120 - w**5/15 - w**4/12 + 2*w**3/3 - 219*w**2/2 - 219. Let u(y) be the second derivative of p(y). Calculate u(4).
-4
Let o = -688 - -683. Let k(a) = 7*a**3 - 15*a**2 - 16*a - 1. Let j(v) = -10*v**3 + 22*v**2 + 24*v + 2. Let q(b) = o*j(b) - 7*k(b). Calculate q(6).
-15
Suppose 0 = -3*f - 0 - 6. Let r(j) = -3*j - 393. Let v(m) = -8*m - 1080. Let w(x) = 11*r(x) - 4*v(x). Calculate w(f).
-1
Let c(w) be the third derivative of -17*w**4/24 - 70*w**3 - 75*w**2 - 6*w. What is c(-25)?
5
Let b(q) = 31*q - 15. Suppose -20*z + 80 = -40. Let p(n) = -11*n + 5. Let l(o) = z*b(o) + 17*p(o). Give l(4).
-9
Let p(q) = -6*q - q**2 + 6*q**2 + 3*q**2 - q**3 - 5. Let x be p(7). Let h(u) = -1 - 10*u**x - u + 7*u**2 + 4*u**2 + u**3. Determine h(-1).
0
Suppose 3*b - 24 = -v - 13, 19 = 2*b + 3*v. Let i(h) = h**2 + 3*h + 6 - 3 + 3*h + b. Determine i(-6).
5
Let p(l) = 3*l**3 + 34*l**2 + 9*l - 8. Let w(r) = 11*r**3 + 114*r**2 + 26*r - 24. Let q(d) = -7*p(d) + 2*w(d). Let t(n) = 10*n + 1. Let f be t(1). What is q(f)?
8
Let w(m) be the third derivative of m**4/8 - 19*m**3/6 + 4*m**2 - 20*m - 22. Let t(b) = b**2 - 14*b + 18. Let c be t(13). Calculate w(c).
-4
Let z be -3 - (357/17 + -14). Let f(v) = 20*v + 176. Determine f(z).
-24
Suppose -3608*s + 3606*s = -18. Let m(j) = -j**3 + 9*j**2 - 5*j + 30. Give m(s).
-15
Suppose -106 + 26 = -16*a. Let p(z) = -4*z**2 + 9*z**2 - 4*z**2 + a*z + 1. Give p(-7).
15
Let w = -22499 + 22507. Let v(s) = -s**3 + 11*s**2 - 14*s - 30. What is v(w)?
50
Let s(a) = 4*a - 76 - 11*a - 57*a**2 - 48*a**2 + 106*a**2 - 7*a. Calculate s(-4).
-4
Let w(y) = -7*y**3 - 10*y**2 - 18*y - 11. Let t(m) = -8*m**3 - 11*m**2 - 21*m - 12. Let a(n) = 6*t(n) - 7*w(n). Let o = 0 - 4. What is a(o)?
5
Suppose -3*t = 3*v - 24, 4*v = 2*t - t + 12. Let o = -9 + 10. Let g(n) = 29*n - 9*n - v*n - o. Give g(1).
15
Let j(i) be the second derivative of -11*i**4/3 + i**3/3 - i**2/2 + 223*i - 5. What is j(1)?
-43
Let t(v) = v**2 - 27*v + 45. Suppose 162*y - 2200 = 74*y. Determine t(y).
-5
Let k(s) be the first derivative of -s**5/120 - s**4/12 - 77*s**3/3 + 157. Let c(j) be the third derivative of k(j). Determine c(8).
-10
Let q(j) = 99*j + 4. Let m(z) = -83*z - 9. Let i(o) = 6*m(o) + 5*q(o). Calculate i(-9).
-7
Let n(r) be the first derivative of 1/24*r**4 - 18 + 0*r + 1/120*r**5 + 28/3*r**3 + 0*r**2. Let y(v) be the third derivative of n(v). Determine y(2).
3
Let c(v) = v**2 - 7*v + 3. Let f(g) = -343*g + 6435. Let d be f(19). Suppose 659 - 214 = 5*q. Let j = d + q. What is c(j)?
3
Let s = 4833 - 4840. Let f(y) = -18*y - 24. What is f(s)?
102
Suppose 108 = 22*s - 18*s. Let p(a) = 10 - 8*a - s + 7*a. What is p(0)?
-17
Let f(t) = -11*t**2 + t**3 + 16 + 8*t + 5*t + 23*t**2 + 12. Determine f(-11).
6
Let g(p) be the third derivative of -p**7/2520 - p**6/80 + 7*p**5/60 + p**4/24 + 91*p**2. Let a(x) be the third derivative of g(x). Give a(-6).
3
Let m(h) = h**2 + 8*h + 21. Let g be -1 + (-74)/26 + 15 + 2758/(-182). What is m(g)?
5
Let s(r) = r**3 - 4*r**2 + 3*r - 4. Let b(k) = -k + 13. Suppose 5*i - 93 = 2*i. Let t = 41 - i. Let a be b(t). Give s(a).
-4
Let a be (9/(-2))/(2/(-4)). Let r(u) be the second derivative of 1 + 5*u**2 - 1/20*u**5 + 98*u - 4/3*u**3 + 5/6*u**4. Give r(a).
19
Let p(w) = 17*w**2 - 2*w + 1. Let r(u) = 14*u - 55. Let i be r(4). Determine p(i).
16
Suppose -382*s + 362*s - 20 = 0. Let q(y) = -y**3 + 3*y + 1. Give q(s).
-1
Let h(u) = u**3 - 13*u**2 - u + 17. Let p = 107 + -109. Let d(f) = -5*f**3 + 66*f**2 + 5*f - 86. Let t(q) = p*d(q) - 11*h(q). Determine t(11).
-4
Let u(k) be the third derivative of 0*k**5 + 2*k**2 + 0*k + 1 + 1/120*k**6 - 1/24*k**4 - 5/6*k**3. Suppose 4*i + 9 - 9 = 0. What is u(i)?
-5
Let z = -102 + 112. Let m(w) be the second derivative of w**3/6 - 8*w**2 + w - 44. Give m(z).
-6
Let b(w) = -w**3 - 5*w**2 - 4*w + 4. Let d = -32 + 38. Suppose -4*y - d - 10 = 0. Give b(y).
4
Let m(k) = -19*k - 13. Let y(s) = 7*s + 4. Let o(g) = 4*m(g) + 11*y(g). Suppose 4*z + 0*n + 4*n = -24, -14 = 3*z + 5*n. Let d be (-9)/2*z/6. What is o(d)?
-2
Let h(o) = -o**3 + 3*o**2 - 25. Suppose 5*f = -4*n - 28, -35 = -3*f + 182*n - 177*n. Give h(f).
-25
Suppose 0 = -u - 4*r - 19, -8 = -3*u + 5*r - 4*r. Let x(n) = 4*n**3 - 95706*n - 2 + 47851*n + 47856*n + n**2. What is x(u)?
4
Let q(x) = -2*x**3 + 3*x - 2*x**3 + 5 + 5*x**3 - 5*x**2. Suppose -220 = -4*l - 196. Let y be 2 - l - 96/(-12). What is q(y)?
1
Let o(l) be the first derivative of -l**4/4 + 5*l**3 + l**2 - 35*l - 711. Determine o(15).
-5
Let v(r) = 3 + 12*r + 1 + 10*r - 40*r + 11*r. Determine v(1).
-3
Let m(r) = r - 14. Suppose -51 = 25*l + 33*l + 355. Give m(l).
-21
Let n(m) = m**3 - 2*m**2 + 6. Let c(d) = -4*d**3 - 5*d**2 + 4*d**3 + 0*d**3 + d**3 + 4*d**2 + 3. Let g(j) = 2*c(j) - n(j). Let a be (-4)/14 - 2/(-7). Give g(a).
0
Let c(o) = -o + 236. Let t(a) = 72*a + 594. Let i(d) = c(d) - t(d). Determine i(-5).
7
Let o(u) = -1192*u - 2409. Let m be o(-2). Let a(v) = -v**3 - 24*v**2 + 22*v - 86. What is a(m)?
-11
Let h(t) = 61*t**2 - 20*t + 49. Let v(b) = -229*b**2 + 79*b - 196. Let a(g) = -15*h(g) - 4*v(g). Determine a(13).
10
Let x(k) = 20*k + 30*k**2 - k**3 - 4 - 8 - 5*k**2 - 6 - 65*k. What is x(23)?
5
Let g(y) = y**3 - 4*y**2 - 2*y - 3. Let r be 3 + -2 - 2/(6/159). Let t = r + 55. Determine g(t).
-18
Let z(m) = m**2 - 4*m - 1. Let t be z(5). Let b be ((-6)/(-12))/(4/32). Let n(a) = -2*a**2 + b*a**2 + 27253 - 6*a - 27250 + 2*a**2 - 3*a**2. Determine n(t).
-5
Let p(r) = 2*r**3 - 3*r**2 + 9*r - 17. Suppose 121*f - 554 = -312. Calculate p(f).
5
Let z(u) = 38 + u - 2*u + 14 - 29. Calculate z(28).
-5
Suppose 4*b - 6*b + 25 = -r, -4*b = 4*r + 40. Let v(m) = -m**2 - 14*m - 22. Give v(r).
-37
Let p(x) = -16*x**2 - 21*x - 1. Let f(h) = -3*h**2 - 4*h. Let j(y) = -11*f(y) + 2*p(y). Suppose 63 - 9 = 9*i. Suppose -i*g - 17 = 7. Calculate j(g).
6
Suppose 5*q + 15 = 0, 2*w = 4*q - 7 + 39. Let y(r) = r**2 - 12*r + 15. Give y(w).
-5
Let h = -79 - -79. Suppose h = -11*l + 9*l + 22. Let n(y) = -2*y - 3 + l*y**2 - 28*y**2 + 2. Calculate n(-1).
-16
Suppose -3*x - 7*x = -40. Let o(u) = u**3 - 6*u**2 + 8*u - 3. Calculate o(x).
-3
Let s = -563 + 566. Let p(w) = w**3 - 8*w**2 + 13*w - 33. Let x(c) = -c**3 + 7*c**2 - 13*c + 36. Let v(d) = s*x(d) + 4*p(d). Calculate v(10).
6
Suppose 17 = -5*y + 4*a + 79, y + 2*a - 18 = 0. Let i = 14 - y. Let b(m) = 2*m - 1085 + 3*m + 1075 + 0*m - 4*m. Give b(i).
-10
Let r(o) = -13*o**3 - 3 + 10*o**3 + 5*o**2 + 4*o**3. Suppose -s + 3*c - 1 = 0, -1 = 2*c + 1. Determine r(s).
13
Suppos